igit of (-3)/((h + -1)/1)?
3
Suppose 0 = -3*v - 3*f + 330, -3*v - 4*f + 332 = -0*v. What is the tens digit of v?
0
Let i(y) = y**3 - 6*y**2 - 5*y + 7. What is the tens digit of i(7)?
2
Suppose -2*i = 3*i - 35. Suppose i*y + 16 = 11*y. What is the units digit of y?
4
Suppose 3*p = r + 12, 2*p - 4 = 4*r + 4. Suppose 2*x + p = 0, -x = -z - 0*x + 42. What is the units digit of z?
0
Let p be (-42)/(-4) + (-15)/10. Let n = -5 + p. What is the units digit of n?
4
Let f = 21 + -9. What is the tens digit of f?
1
Let d(b) = 5*b - 6. What is the units digit of d(11)?
9
Let l be 2/((21/90)/7). What is the units digit of (l/(-50))/(2/(-30))?
8
Let c(f) = -f + 3. Let o(w) = 2*w - 3. Let x(z) = -3*c(z) - 2*o(z). Let r(s) = -s**3 - 25*s**2 - 24*s - 10. Let i be r(-24). What is the units digit of x(i)?
7
Let n(i) = -i**3 + i**2 + i + 19. Let m be n(0). Suppose 14 + m = 2*o + 3*t, -4*t = 2*o - 34. Suppose 2*j - o = -j. What is the units digit of j?
5
Let y = -162 - -233. What is the units digit of y?
1
What is the units digit of (-330)/(-12) + 1/(-2)?
7
Suppose 2*c + 3*u = 58, -2*c + 96 = 2*c - 4*u. What is the tens digit of c?
2
Suppose -7*h = -4*h - 87. What is the tens digit of h?
2
Let q(d) = -d**2 - 7*d - 6. Let i(k) = 5*k - 1. Let a be i(-1). Let f be q(a). What is the units digit of 11*(f + 3 + -1)?
2
Let f be (-1 - 6/(-2))*10. What is the tens digit of -3 - -5 - (-3 - f)?
2
Let w(a) = -a + 1. Let c be w(-4). Let u(f) be the first derivative of f**3/3 - 5*f**2/2 + 6*f - 2. What is the units digit of u(c)?
6
What is the hundreds digit of 5 + -2 + 5 + 100?
1
Let z(h) = h**2 + 8*h - 2. Let t be z(-10). What is the tens digit of 364/t - 8/36?
2
Suppose -y + 1 = -n, -n = n. Suppose -4*q + r - 14 = -y, 4*q + 5*r = -7. Let x(w) = -4*w - 2. What is the tens digit of x(q)?
1
Suppose -4*q - 2*d = -70, 3*d + 75 = -q + 4*q. What is the tens digit of q?
2
Let n(w) = -3*w**3 + 8*w**2 + 5*w + 3. Let x(h) = -h**3 + h**2 - h + 1. Let t(b) = n(b) - 2*x(b). Let r = 12 + -5. What is the units digit of t(r)?
1
Let s(l) = l**2 + 8*l - 8. Suppose 0 = -b - 4*i, -8 = 2*b - i + 5*i. Let q be s(b). What is the units digit of (-81)/(-4) + 2/q?
0
Let h = -8 + 8. Suppose h = t - 2 - 9. What is the tens digit of t?
1
Suppose 1 = 3*c + 49. Let t = c - -30. What is the tens digit of t?
1
Let h(j) = -j**2 + 3*j + 1. Let s be h(2). Let i(d) = -d**2 + 5*d - 3. What is the units digit of i(s)?
3
Let z = 5 - -1. Suppose -26 = 4*f - z*f. What is the units digit of f?
3
Let n be (2*-4)/(2/(-1)). Suppose -n*v + 0 + 8 = 0, -2*v - 41 = -5*q. Suppose -4*w - 50 = -q*w. What is the tens digit of w?
1
Let b be -6 + -2 + 5 + 69. Let y = b - -9. Suppose 66 = 5*r - 8*s + 4*s, -5*r = 5*s - y. What is the units digit of r?
4
Suppose 0 = -3*i - 5*p - 16, 3*i + 2*p - 2 = -21. Let b(o) = o**3 + 7*o**2 - 3*o - 4. What is the tens digit of b(i)?
1
Suppose -40 = -0*o + 5*o. Suppose 5*l + 14 = -11. What is the tens digit of 40/4*o/l?
1
Let g = 4 + -4. Let y be (g + (-4)/6)*-6. Suppose y*s - 29 = -3*z, 11 = 2*z + 4*s - 3*s. What is the units digit of z?
3
Let l(j) = -j**2 - 5*j + 6. Let y(m) = -9*m - 4*m**2 + 2 + 2*m + 1 + 3*m**2. Let i be y(-8). What is the units digit of l(i)?
6
Let y = -87 + 117. What is the units digit of y?
0
Suppose -5*r + 2*r = -3*l + 42, 3*r = 4*l - 54. What is the units digit of l?
2
Suppose -3*p = -2*p. Suppose p*d = 2*d - 10. Suppose -d*q - 4 = -14. What is the units digit of q?
2
Let o = 5 + -4. Let u be (-6*o)/(-2 - 0). Suppose -q = i - 7, -4*i + 3*q = -u*i - 11. What is the units digit of i?
8
Let v = 21 - 9. What is the units digit of v?
2
Let v be 8/(-2*(-2)/(-8)). Let y = v - -10. Let b = 11 + y. What is the units digit of b?
5
Let l(f) be the first derivative of f**3/3 + 3*f**2/2 - 2*f + 3. What is the units digit of l(-4)?
2
Suppose -4*k + 6 = -k. What is the tens digit of k/9 + 374/18?
2
Let s(u) = 3*u**2 + 9*u + 33. What is the hundreds digit of s(-7)?
1
Let q = -1 - -3. Suppose q*w = 4*d - 12, d + d - 30 = -5*w. What is the units digit of d?
5
Let w be -3*(-1 - 0)*1. Suppose d - 12 = -w*d. What is the units digit of d?
3
Let h(x) = -x**2 - 9*x + 4. Let s be h(-9). Suppose -140 = -s*j - j. What is the tens digit of j?
2
Let f(v) = v**3 + 7*v**2 + 5*v - 4. Let q(o) = -o**3 - 4*o**2 - o + 1. Let k be q(-3). What is the tens digit of f(k)?
2
Let w = 0 + 5. Suppose -7*t - 25 = -5*k - 2*t, w*k - 43 = -4*t. Suppose 4*z - k - 9 = 0, -z = -3*r - 1. What is the units digit of r?
1
What is the units digit of 126/24 - (-2)/(-8)?
5
Suppose -x = 5*r - 3 + 6, 3*x + 3*r = -45. What is the units digit of x + 18 + (-1)/(-1)?
1
Let v(y) = 2*y**3 - 8*y**2 - 2*y + 7. What is the units digit of v(7)?
7
Suppose -3*i + 3*j + 276 = 0, -2*i = -5*i + 2*j + 274. Suppose l + f = -2*f - i, -5*f - 98 = l. What is the units digit of (-2)/(-5) + l/(-5)?
6
Let i be ((-1 + 1)/2)/(-1). Suppose p + i - 4 = 0. Suppose -2*j = -0*j - 4*q + 6, 0 = p*j - q - 16. What is the units digit of j?
5
Let a = -3 - -5. Suppose a + 2 = 2*b. Suppose -b*j + 3 = -j. What is the units digit of j?
3
Suppose -13 = -5*d + t, 0 = 4*d - t - 6 - 5. Suppose 0 = -5*k, d*y - k + 38 = -0*k. Let h = 31 + y. What is the units digit of h?
2
Suppose 11 = l - 11. What is the units digit of l?
2
Let a(z) = z**3 - 6*z**2 - z + 8. Let r(o) = -o + 2. Let w be r(-4). What is the units digit of a(w)?
2
Suppose 4*c + 332 = 5*o + 54, 0 = c + 2. What is the units digit of o?
4
Suppose 2 = 3*x - 7. Let r = x - -5. What is the units digit of r?
8
Suppose -2*i - 4*g = -i - 2, -4*g = -4*i + 88. What is the tens digit of i?
1
Suppose -4*k - 2*v + 220 = -6*v, 2*v = -3*k + 155. What is the tens digit of k?
5
Let z = -17 + 24. Let o = z - -3. What is the units digit of o?
0
Let y be (3 - -1) + 0 + -2. Suppose -m = y, 65 = 5*r + m + 7. What is the units digit of r?
2
Let z(o) = -2*o - 4. Let a be z(-5). Let h(f) = -f**2 - 8*f - 3. Let n be h(-7). Suppose j - n*j = -a. What is the units digit of j?
2
Suppose 0*i = -i + 3. Let q = 5 + i. Let r = 11 - q. What is the units digit of r?
3
Let b = -4 - -18. What is the units digit of b?
4
Let c be (-1 - (-1 + -2))*1. Suppose c*u + 3*u = 60. What is the units digit of u?
2
Let o = 12 - 12. Suppose o = a + 3*x - 24, 3*a - 4*x - 24 = 2*a. What is the tens digit of a?
2
Suppose -3*s = -5*s + v + 112, -4*s + 5*v + 230 = 0. What is the tens digit of s?
5
Let w(l) = l**2 - l + 2. Let v(q) = -4*q**2 + 3*q - 5. Let s(n) = -2*v(n) - 7*w(n). What is the units digit of s(-3)?
2
Suppose -m - 6 + 22 = 0. What is the units digit of m?
6
Suppose 3*p = -x + 6*p - 11, 2*p + 72 = -5*x. Let q be 102/x + (-4)/(-14). Let f = q - -19. What is the tens digit of f?
1
Let u = -6 - -8. What is the units digit of (3 + -2)*u + -1?
1
Let y be 25/(3/6*2). Suppose -y - 1 = -2*a. What is the tens digit of a?
1
Let l = -3 + 8. Suppose m - 23 = -l*f, 6*f - 13 = 2*f + m. Suppose -5*a - f = -54. What is the tens digit of a?
1
Suppose s - b = 140, 2*s - 290 = 5*b - b. What is the tens digit of s?
3
Let r(h) = -h**2 + 4*h + 4. Let y(z) = 5*z**2 - 17*z - 15. Suppose -2*x + 5*x - 27 = 0. Let d(a) = x*r(a) + 2*y(a). What is the tens digit of d(-5)?
2
Suppose -19 - 35 = -2*c. Let k = 11 - c. Let u = -10 - k. What is the units digit of u?
6
What is the hundreds digit of (-4 + 92/(-5))/((-1)/5)?
1
Suppose -5*q + 28 + 8 = 4*k, 4*k = -4*q + 32. Suppose -2*t = 5*u - 26, t - u = -k*u + 11. What is the tens digit of t?
2
Let h(l) = -4*l**2 + 6 - 6*l + 1 + 3*l**2. Let u be h(-7). Suppose u*k = 4*k - 28. What is the units digit of k?
7
Let c(n) = -n - 10. Let s be c(-10). What is the units digit of -1 + s + 7 + -1?
5
Suppose -2*u = -3*u + 3. Let i = u + -3. Suppose i*r - 20 = -2*r. What is the units digit of r?
0
Let y(k) = k + 10. Let r be y(-7). Let t = r + -5. Let q = t - -3. What is the units digit of q?
1
Suppose 0 = -4*w - 0 + 64. Let o = 25 - w. What is the units digit of o?
9
What is the units digit of 44 - 5 - (-2)/((-4)/6)?
6
Let a = 67 + -37. Suppose u + 2*u = a. What is the tens digit of u?
1
Let r(k) = -k + 2. Let v be r(-2). Suppose -7*y = -v*y + 9. What is the units digit of (-5)/((-25)/y)*-15?
9
Let g be -2 - (4 - (0 - 3)). Let o(i) = i**2 + 8*i - 6. Let j be o(g). Suppose -2*d = 3*p - 0*d - 38, -p + j*d - 2 = 0. What is the tens digit of p?
1
Let s